ors of y?
43
Suppose 4*o - 23 = -5*i, -5*o - 2*i + 12 = -3*o. Suppose r = 5*q - 15, 0 = -5*q + 4*q + r + o. Suppose -q*h - 2 = -124. What are the prime factors of h?
61
Let j(x) = -393*x + 705. List the prime factors of j(-4).
3, 11, 23
Let v(n) = n**3 - 5*n**2 + 2*n + 12. Let w be v(5). Suppose u - 7 = w. What are the prime factors of u?
29
Let l(q) = 3*q - 1. Let c = 15 + -14. Let o be l(c). Suppose 3*f = o*f - 5*g + 11, 2 = f - 4*g. What are the prime factors of f?
2, 3
What are the prime factors of 2 + 511 + (-9)/(-3)?
2, 3, 43
Let u = 69 + -63. What are the prime factors of u/(-39) - (-654)/26?
5
Let y(i) = -i**2 - 33 + 6*i + 10 + 6*i**2 - 4*i**2. List the prime factors of y(6).
7
Let d be 8 + (2 - (-4 + 2)). Suppose 0 = p - 3*i, 0 = -p + 3*p - 2*i - d. Suppose -93 = -4*l - p. List the prime factors of l.
3, 7
Suppose 6*p = -3*p + 558. Let t = 90 + p. List the prime factors of t.
2, 19
Let f = 1 + 3. Suppose -300 - 236 = -f*u. What are the prime factors of u?
2, 67
Suppose 2978 = 4*c - 2*v, -c + 596 = -2*v - 147. What are the prime factors of c?
5, 149
Let h = -2687 - -5966. List the prime factors of h.
3, 1093
Let t = 8840 - 6062. What are the prime factors of t?
2, 3, 463
Suppose -48*l - 16*l + 153344 = 0. List the prime factors of l.
2, 599
Let n(j) = 4 - 4 - 3 + j + 4. Let c(x) = 3*x + 17. Let h(r) = c(r) - 2*n(r). List the prime factors of h(-10).
5
Let m = -82 - -45. Let s = m - -84. List the prime factors of s.
47
Let b be (-2)/(-5) + 336/60. Let z be (4/b)/(20/(-30)). What are the prime factors of 2/(-1) + 14 - z?
13
Let z(q) = 16*q. Let n be z(4). Suppose 2*x = -4*m + 28, -2*x - 11 = m - 6*x. Suppose m*o - 61 = n. List the prime factors of o.
5
Let a(v) = 1 + v - 4*v - 5*v**3 + 4*v. Let o be a(-1). Suppose x - 5*i = -15, 5 = 3*x - 0*i - o*i. List the prime factors of x.
2, 5
Let v = -1102 + 2600. List the prime factors of v.
2, 7, 107
Let d(t) = 3*t**2 + t + 4. Let r be d(3). Suppose -9 = 5*b - r. Suppose -3*o + 4 = -b. List the prime factors of o.
3
List the prime factors of (-1393)/35*5*-1.
199
Suppose l + 5*k - 712 = 3170, 8*l = -4*k + 30912. List the prime factors of l.
2, 1931
Let h = -50 + 174. Let j = h + -68. List the prime factors of j.
2, 7
Suppose -9*r + 3*h + 5549 = -5*r, -3*r + 2*h = -4162. List the prime factors of r.
2, 347
Let n = 89 + 548. Suppose 0 = 8*y - n - 563. List the prime factors of y.
2, 3, 5
Let k(p) = -p**2 + 15*p - 38. Let y be k(11). Let x(l) = 2*l**3 - 7*l**2 - 4*l + 17. List the prime factors of x(y).
173
Suppose 0 = -o + 10 - 14. Let b be (-304)/(-22) - o/22. Suppose -2 = 2*k - b. What are the prime factors of k?
2, 3
Suppose -2*w - 6 + 10 = 0. List the prime factors of (1 - w)*10/4*-88.
2, 5, 11
Suppose 2*m = -3*g - 2*g + 756, 2*m = -4*g + 604. What are the prime factors of g?
2, 19
Suppose -2*s + 3 = m, s + 0*m - 5*m + 4 = 0. Let w be s/(-3 + (-1000)/(-332)). Suppose w = 2*z + 3*r, -5*z + z - 5*r + 167 = 0. List the prime factors of z.
43
Let j(w) = -w. Let v be j(-8). Let i be -6*(v/(-6) + 1). Suppose 3*z = 5*z - 8, 76 = 2*q + i*z. What are the prime factors of q?
2, 17
Suppose -3058 = -4*f + 5*g + 175, -4*g = 2*f - 1636. What are the prime factors of f?
2, 7, 29
Let c(m) be the first derivative of -5*m**4/2 - m**3 - m**2/2 + 3*m + 30. What are the prime factors of c(-3)?
3, 83
Suppose 0 = -5*m + 7*m. Suppose -2*v - 40 = -r - m*v, -r - v = -34. List the prime factors of 1*r + 1 + 0.
37
Suppose 25 = -4*r - 5*m, 0 = -2*r + m - 6*m - 25. Suppose -3*a - 9 = -r*a. Let t = a - -9. What are the prime factors of t?
2, 3
Let h(f) be the first derivative of f**3/3 - f**2/2 + 3*f - 11. List the prime factors of h(5).
23
Suppose 4*g + 0*g = -5*a + 64, -2*a - 36 = -4*g. Suppose -g*f - 576 = -1632. List the prime factors of f.
2, 3
Let i(o) = -o**2 + 10*o - 6. Let c be i(9). Suppose -2*p = 5*x + 77, -5*x + 0*x - c*p = 78. Let u = 45 + x. List the prime factors of u.
2, 3, 5
Let t(a) = a**2 + 19*a + 3. Let k = 47 + -66. Let m be t(k). Let c = 23 + m. What are the prime factors of c?
2, 13
Let h be (5/(-6))/(7/(-42)). Let x be 3*(3*-1)/(-3). Suppose -x = -2*y - 2*y + o, 2*o = h*y. What are the prime factors of y?
2
Let f(y) = 49*y**3 + 34*y - 183. What are the prime factors of f(4)?
3089
Suppose 13 + 2 = 3*d. Suppose -d*y + 67 = m, y - 3*y = -m + 53. List the prime factors of m.
3, 19
Let u(s) = -5*s + 8. Suppose -14 = -5*i - 49. What are the prime factors of u(i)?
43
Let w = 9 + -6. Suppose -33*x = -29*x - 44. Suppose -u + x = w*y - 21, -2*u = -3*y + 17. List the prime factors of y.
3
Let y be -3 + (-1)/3*-219. What are the prime factors of 4/(-8)*0 + y?
2, 5, 7
Let o(a) = 3*a - 3. Let t be o(2). Suppose 0 = -2*x + y + 10, t*x - y = -0*x + 15. Suppose -44 = -7*m + x*m. What are the prime factors of m?
2, 11
Suppose -2*d = -j - 6 - 5, -j = 3*d - 14. Suppose 22 = 4*y + u + 6, -d*y + 2*u = -7. Suppose -z - z = -y*m + 58, 5*m + 3*z = 65. List the prime factors of m.
2
Suppose -7 + 11 = 2*t. List the prime factors of (-790)/(-6) - t/(-6).
2, 3, 11
Let q be ((-4)/(-6))/(2/(-12)). Let u = 254 - 255. What are the prime factors of -2*(9 + u)/q?
2
Let w = -1 + 15. Let h(n) = -n**3 + 15*n**2 - 14*n + 13. List the prime factors of h(w).
13
Suppose 6*o - 8425 = 719. What are the prime factors of o/42 + (-1)/7*2?
2, 3
Let g(q) = q + 1. Let j be g(11). Let i be (-22)/(32/j - 2). Let p = i - -69. What are the prime factors of p?
2, 3
Suppose 5*q + 44 = 3*i + 13, 0 = -2*q - 3*i - 4. Let b be (20/6)/(q/(-15)). Suppose -4*v - 4*s = -148, 2*s = 3*v + b - 96. List the prime factors of v.
2
Let o be (2/(-8))/((-2)/40). Let d be 36 + (2 + 0 - o). Let f = -23 + d. What are the prime factors of f?
2, 5
Let l = -6869 - -9835. List the prime factors of l.
2, 1483
Let x(d) = 332*d + 3. List the prime factors of x(4).
11
List the prime factors of 6952/352 - 1/(-4).
2, 5
Suppose -173 = -2*h - 4*l - 35, h - 3*l = 59. Let r = h - 37. List the prime factors of r.
2, 7
List the prime factors of ((-5)/30*2)/((-3)/44703).
4967
Let i = 723 - 118. List the prime factors of i.
5, 11
Let f = 30 + -10. Let c = f + -16. Let t(m) = -m + 20. List the prime factors of t(c).
2
Suppose 5*q - 38*w - 11069 = -42*w, -q + 2201 = 4*w. List the prime factors of q.
3, 739
Let w(u) = 16*u**2 - 2*u - 1. Let g be w(-1). Suppose 3*o = 49 + g. Suppose -4*v + 5*d + 26 = 0, 6*d + o = 3*v + d. List the prime factors of v.
2
Let f be (-1 + 2 - 1)*-1 + -14. Let l = 25 + -6. Let n = f + l. List the prime factors of n.
5
Let p(a) be the third derivative of a**4/8 + 19*a**3/6 - 4*a**2. List the prime factors of p(9).
2, 23
Let x = 92 + -107. Let n = 22 + -7. Let q = n - x. List the prime factors of q.
2, 3, 5
Let x = -8 - -29. Let u = x + -15. List the prime factors of u.
2, 3
Let c = 8 - -1. Suppose -c = -2*w + 4*v + 35, 0 = -4*w + 4*v + 76. Let p = w + -11. List the prime factors of p.
5
Let h(o) = -o**2 - 25*o + 8. Let i be h(-16). Let w = i + -69. What are the prime factors of w?
83
Suppose 0*c + 36 = 2*c. Let u(y) = 5*y**2 - 1. Let f be u(-1). Suppose c - f = x. What are the prime factors of x?
2, 7
Let j = -502 + 823. List the prime factors of j.
3, 107
Suppose 0 = -4*m, m - 60 = -0*d + d. Let t = d - -110. What are the prime factors of t?
2, 5
Let f = 461 + -393. List the prime factors of f.
2, 17
Let u(h) = 2*h - 25. Let j be u(14). What are the prime factors of (-113 - 1)/(2 + j + -6)?
2, 3, 19
Let j be -1 + -2 + -1 + 4. Suppose j = 2*t - 8 - 16. What are the prime factors of t?
2, 3
Let b = -85 + 87. List the prime factors of -7 - -6 - (-3 + (-206)/b).
3, 5, 7
Suppose -4*v = 4*c - 5244, -5*c + 3*v + 2867 = -3696. What are the prime factors of c?
2, 41
Let c = 26 + -30. Let s(p) = -3*p + 9. What are the prime factors of s(c)?
3, 7
Let s(c) = -2*c - 25 + 29 + 8*c + c**2. What are the prime factors of s(5)?
59
Let w = 6687 - 4264. What are the prime factors of w?
2423
Let p(w) = -w**2 + 24 + 9*w**2 - 29 + 2*w - 9*w. What are the prime factors of p(-3)?
2, 11
Let t = 13 - 1. Let f be t - 14 - (-4)/1. Suppose f*m = 3*m - 57. List the prime factors of m.
3, 19
Suppose 1287 = 12*c - 7*c - 4*d, -c = 4*d - 267. List the prime factors of c.
7, 37
Suppose -11*u + 604 + 2256 = 0. List the prime factors of u.
2, 5, 13
Suppose -173*n = -158*n - 36945. List the prime factor